emainder when 90 is divided by p?
28
Let i(l) be the third derivative of 5*l**4/24 + l**3/2 + 6*l**2. Let m be i(8). Let n = -27 + m. Calculate the remainder when 31 is divided by n.
15
Suppose 2*b + 6 - 20 = -f, 0 = -4*b + 5*f + 14. Let k = b + -2. Suppose -3*a = -4*a + k*r + 44, 3*r = 0. What is the remainder when a is divided by 23?
21
Let x(n) = 5*n + 16. Let f(g) = -3*g - 8. Let b(o) = -11*f(o) - 6*x(o). Calculate the remainder when 50 is divided by b(7).
11
Suppose -4*b - b = 0. Suppose -5*o - 5*l + 120 = b, o = 2*l - l + 28. Calculate the remainder when o is divided by ((-3)/5)/((-3)/45).
8
Let y = 115 - 79. Calculate the remainder when y is divided by 13.
10
Suppose -12 = 4*w + 4*d, -5*w + 4 = -d + 1. Suppose 0 = v + v + 46. Let f = w - v. Calculate the remainder when 43 is divided by f.
20
Suppose 21*z - 10*z - 44 = 0. What is the remainder when 44 is divided by z?
0
Suppose 4*u = -3*p - 2*p + 13, -5*p = -5*u + 5. Suppose -130 = -5*l - m, u*m + 20 = -5*l + 150. What is the remainder when 76 is divided by l?
24
Let k = 20 - 10. Let s = k - 2. Suppose s + 5 = y + 5*d, -52 = -4*y + 2*d. What is the remainder when y is divided by 5?
3
Suppose 0 = -i - 4 + 6. Suppose -m = i*v - 27, m - 81 = -5*v + 3*m. What is the remainder when 26 is divided by v?
11
Let l(a) = 6 + 4*a + 5 + a - 3*a. What is the remainder when 24 is divided by l(-3)?
4
Let w(c) = 2*c**2 + 37*c + 94. What is the remainder when 84 is divided by w(-17)?
41
Let s be (-6624)/(-81) - (0 - (-4)/(-18)). Let i = -68 + s. Calculate the remainder when 47 is divided by i.
5
Let r = 13 + -9. Suppose -2*i = -r*y + 2*y - 80, -2*y + 88 = 2*i. Suppose j - 3*j = -i. What is the remainder when 40 is divided by j?
19
Let m = 2651 - 2626. Calculate the remainder when 60 is divided by m.
10
Let j = 29 - 29. Suppose j = -19*h + 16*h + 60. Calculate the remainder when h is divided by 5.
0
Let y be 4 + (-6)/(-3) + -6. Suppose v - 50 = -v + 2*h, y = -v + 2*h + 24. Calculate the remainder when v is divided by 7.
5
Let h(u) = 28*u**2 + u + 5. Let k be h(-7). Suppose -3*i - v = 4*v + k, 10 = 5*v. Calculate the remainder when i/8*(-12)/15 is divided by 16.
14
Suppose 1 = -4*p + 9. Suppose -z + 1 = -p*f, 48 + 4 = 4*z + 4*f. Calculate the remainder when 61 is divided by z.
7
Suppose s + 3*f = 50, -s + 4*f + 40 = 2*f. What is the remainder when 259 is divided by s?
39
What is the remainder when (42/4)/(53/106) is divided by 15?
6
Suppose -18 = -2*f - 3*h, -2*h = -5*f - h + 11. Suppose -f = 4*o - 11. Let l = 4 + o. What is the remainder when 9 is divided by l?
3
Let z(u) = -1941*u**3 - 4*u**2 + 2*u + 2. Calculate the remainder when z(-1) is divided by 102.
101
Let g(s) be the third derivative of -5*s**4/24 + s**3/2 - 8*s**2. What is the remainder when 67 is divided by g(-3)?
13
Suppose 1 = -4*d - 3, -5*r + 702 = 3*d. What is the remainder when r is divided by (-2052)/(-190)*5/3?
15
Let x(y) = -y**3 + 5*y**2 - y + 5. Let d(z) = 2*z**3 - 9*z**2 + 3*z - 9. Let i(w) = 4*d(w) + 9*x(w). What is the remainder when 141 is divided by i(9)?
33
Let j = 128 + -119. Suppose 18 = -8*c + j*c. Calculate the remainder when 82 is divided by c.
10
Let n(m) = m**3 - 12*m**2 + 21*m - 15. What is the remainder when n(11) is divided by 14?
11
Suppose o = 6*o - 60. Suppose 13 - 121 = -o*y. What is the remainder when 25 is divided by y?
7
Calculate the remainder when (-2874)/(-4)*24/12 is divided by 60.
57
Suppose -3*o + 30*u = 25*u - 807, -5*o + 1345 = 3*u. What is the remainder when o is divided by 34?
31
Calculate the remainder when 252 is divided by (110 + -100)/(2/16).
12
Let j(k) = 9*k - 11*k**2 - 8*k - k**3 + 11*k + 2*k**3 + 10. What is the remainder when 89 is divided by j(10)?
29
Suppose 3*m + 6 - 18 = 0. Suppose -27 = -m*c + 3*f, -11 = -4*c + 2*c - f. Calculate the remainder when (-2)/3 - (-262)/c is divided by 23.
20
Let c = 129 + -53. Let f(n) = 14*n**2 - 1. Calculate the remainder when c is divided by f(-1).
11
Let a(b) = -190*b**3 + b**2 - 1. Let f be a(1). Let s(j) = -36*j + 290. What is the remainder when s(6) is divided by -2*(f/4)/5?
17
Let w(s) = s**3 + 5*s**2 - 18*s - 18. Let v be w(-7). Suppose -99 = -v*a + 101. Calculate the remainder when 72 is divided by a.
12
Let t = -56 - -59. Let f = -50 - -99. What is the remainder when f is divided by 11 + 5 + t/(-1)?
10
Suppose 2*b + 2*m - 263 = 7*m, -b + 2*m + 131 = 0. Suppose -4*t - b + 13 = -5*j, 0 = -3*j + 5*t + 67. Calculate the remainder when 47 is divided by j.
23
Suppose 236 = 5*s - v, 2*s = 4*s - 5*v - 76. What is the remainder when 69 is divided by s?
21
Let y = 81 - 144. Let j = 80 + y. Calculate the remainder when 135 is divided by j.
16
What is the remainder when 618 is divided by (6/(-32)*-4)/((-4)/(-368))?
66
Let x = -2114 - -2171. What is the remainder when 125 is divided by x?
11
What is the remainder when 173 is divided by 0/(-2) + (208/13 - 1)?
8
Let y = -52 + 104. Suppose 7*v = 11*v - y. Calculate the remainder when 21 is divided by v.
8
Suppose -4*j + 7*j - 69 = 0. Let r(c) = -c**3 - 7*c**2. Let s be r(-7). Suppose s = -y - y + 12. What is the remainder when j is divided by y?
5
Let n be (3 - 7)/((-3)/42). Let j = 74 - n. What is the remainder when 87 is divided by j?
15
Suppose x + 4*n = 3*x - 110, 0 = -2*x - 3*n + 96. Suppose -x = -2*s - w + 17, 2*s - 76 = 3*w. What is the remainder when s is divided by 20?
15
Suppose -3*p = p. Let x = p - -5. Suppose 2*k + 3*j - 22 = 0, -20 = -5*k + 3*j + 14. What is the remainder when k is divided by x?
3
Suppose -6*f + 16*f = 300. What is the remainder when f is divided by 4?
2
Suppose 0 = -c + 5*p + 13, -3*c - 2 = 4*p - 3. Suppose c*l - 4*r - 377 = 0, -l + 51 = -3*r - 73. What is the remainder when l is divided by 27?
19
Let x = 20 + -11. Suppose 2*r + 9 - 1 = 0. Calculate the remainder when r/(-8)*(-52)/(-1) is divided by x.
8
What is the remainder when 5 is divided by (36/(-16))/9*-4?
0
Let v be 37/13 - (-4)/26. Let k be 2/(-6) - 11/v. Calculate the remainder when (-6)/k*26 + 4 is divided by 12.
7
Suppose -14*u = -9*u - 260. Suppose i + 26 = u. What is the remainder when 48 is divided by i?
22
Suppose -y + 0*y - 6 = 0. Let v be 24/(-16)*10/1. Let i = y - v. Calculate the remainder when 34 is divided by i.
7
Suppose -4*c = -109 + 89. Calculate the remainder when 38 is divided by c.
3
Let k(c) = -15*c - 300. Calculate the remainder when 277 is divided by k(-26).
7
Suppose -2 = 2*t + 30. Let f be 4*((-4)/t + 1). Suppose -f*d + 89 = -171. Calculate the remainder when d is divided by 27.
25
Let o = 34 + -19. Calculate the remainder when (-5604)/(-96) + (-3)/8 is divided by o.
13
Suppose -1845*f + 1843*f = -614. Calculate the remainder when f is divided by 14.
13
Let j(l) = -34*l**3 - l**2. Let d be 4 + -2 + (2 - (8 + -3)). Suppose 18 = -n + 3*n - r, 2*r = 3*n - 27. What is the remainder when j(d) is divided by n?
6
Suppose -4*b + 0*b + 36 = 0. What is the remainder when 15 is divided by b?
6
Suppose 0 = -3*f + 2*m + 2*m - 34, 4*m - 16 = 0. Let r(l) = -l**3 - 5*l**2 - l - 7. Suppose 3*u - 22 = 5. What is the remainder when r(f) is divided by u?
8
Suppose z + 5*s - 28 = 6*s, 0 = 2*z + 5*s - 42. What is the remainder when ((-2)/4)/((-12)/984) is divided by z?
15
Suppose 2*j = -2*j. Suppose j = -z - 16 + 112. Suppose 4*s - 2*a = -s + z, 4*s = a + 75. Calculate the remainder when s is divided by 5.
3
Suppose 0 = 2*w + 5*h + 194 + 21, 3*w - 4*h = -334. Let p = w + 135. What is the remainder when 48 is divided by p?
23
Let a = -25 - -26. Suppose -7*i + a = -97. Calculate the remainder when 82 is divided by i.
12
Let p(y) = y**2 - 4. Let a be p(-4). Suppose -8 = -4*n + a. Suppose 0 = -5*w - 1225 + 1335. Calculate the remainder when w is divided by n.
2
Suppose -4*i - 2*u = -48, 3*i = -0*u - 4*u + 36. Suppose -4*z + 7 = 23*n - 22*n, -5*n - 13 = -4*z. Let l = i - z. What is the remainder when 28 is divided by l?
8
Let w(c) = -5*c**2. Let t(b) = 4*b**2. Let h(a) = -6*t(a) - 5*w(a). Let n be h(2). Let z(f) = f + 6. Calculate the remainder when 26 is divided by z(n).
6
Suppose 9 - 3 = 3*v. Suppose 5*j - 4*o - 74 = 0, -31 + 3 = -v*j + 2*o. What is the remainder when j is divided by 10?
8
Suppose 0 = 2*z + 3*z - 4*l + 16, 0 = 2*l - 8. Suppose z*k = -2*k + 26. Calculate the remainder when k is divided by 2.
1
Suppose t -